{"id":77,"date":"2015-12-04T15:25:43","date_gmt":"2015-12-04T13:25:43","guid":{"rendered":"http:\/\/zalesikom.zdiar.eu\/?page_id=77"},"modified":"2020-02-02T22:25:24","modified_gmt":"2020-02-02T20:25:24","slug":"okolie","status":"publish","type":"page","link":"https:\/\/zalesikom.zdiar.eu\/en\/okolie\/","title":{"rendered":"Okolie"},"content":{"rendered":"<p><iframe loading=\"lazy\" src=\"https:\/\/mapsengine.google.com\/map\/embed?mid=zEydVWtGQnkg.kjDSoVQYKeOM\" width=\"640\" height=\"480\"><\/iframe><br \/>\nVe\u013ek\u00fd priestor, ne\u010falek\u00fd les\u00edk\u00a0a\u00a0pot\u00f4\u010dik, \u010di pri\u013eahl\u00e9 futbalov\u00e9 ihrisko \u00a0s\u00fa skvel\u00fdm miestom pre \u0161antenie Va\u0161ich <strong>det\u00ed<\/strong>.<\/p>\n<p><strong>\u0160portovcov<\/strong> \u00a0pote\u0161\u00ed bl\u00edzky hrebe\u0148 \u00a0Magury \u00a0s be\u017ek\u00e1rskou, \u010di cykloturistickou tra\u0165ou a<strong> turisti<\/strong> si m\u00f4\u017eu vychutn\u00e1va\u0165 v\u00fdh\u013eady a \u010darokr\u00e1snu pr\u00edrodu Belianskych Tatier a Spi\u0161skej Magury u\u017e p\u00e1r metrov za na\u0161\u00edm ubytovan\u00edm. Bicykle i ly\u017ee si m\u00e1te mo\u017enos\u0165 zapo\u017ei\u010da\u0165 v bl\u00edzkej po\u017ei\u010dovni.<\/p>\n<p><strong>Ak si radi na dovolenke odd\u00fdchnete aj od varenia,<\/strong> m\u00e1te mo\u017enos\u0165 z\u00e1js\u0165 na ve\u010deru do Penzi\u00f3nu Tatrakon v na\u0161om susedstve alebo vyu\u017ei\u0165 skvel\u00fa ponuku in\u00fdch re\u0161taura\u010dn\u00fdch zariaden\u00ed v \u017ddiari. \u00a0Radi V\u00e1m samozrejme porad\u00edme:).<\/p>\n<p>&nbsp;<\/p>","protected":false},"excerpt":{"rendered":"<p>Ve\u013ek\u00fd priestor, ne\u010falek\u00fd les\u00edk\u00a0a\u00a0pot\u00f4\u010dik, \u010di pri\u013eahl\u00e9 futbalov\u00e9 ihrisko \u00a0s\u00fa skvel\u00fdm miestom pre \u0161antenie Va\u0161ich det\u00ed. \u0160portovcov \u00a0pote\u0161\u00ed bl\u00edzky hrebe\u0148 \u00a0Magury \u00a0s be\u017ek\u00e1rskou, \u010di cykloturistickou tra\u0165ou a turisti si m\u00f4\u017eu vychutn\u00e1va\u0165 v\u00fdh\u013eady a \u010darokr\u00e1snu pr\u00edrodu Belianskych Tatier a Spi\u0161skej Magury u\u017e p\u00e1r metrov za na\u0161\u00edm ubytovan\u00edm. Bicykle i ly\u017ee si m\u00e1te mo\u017enos\u0165 zapo\u017ei\u010da\u0165 v bl\u00edzkej po\u017ei\u010dovni. [&hellip;]<\/p>\n","protected":false},"author":1,"featured_media":0,"parent":0,"menu_order":0,"comment_status":"closed","ping_status":"closed","template":"","meta":{"footnotes":""},"class_list":["post-77","page","type-page","status-publish","hentry"],"_links":{"self":[{"href":"https:\/\/zalesikom.zdiar.eu\/en\/wp-json\/wp\/v2\/pages\/77","targetHints":{"allow":["GET"]}}],"collection":[{"href":"https:\/\/zalesikom.zdiar.eu\/en\/wp-json\/wp\/v2\/pages"}],"about":[{"href":"https:\/\/zalesikom.zdiar.eu\/en\/wp-json\/wp\/v2\/types\/page"}],"author":[{"embeddable":true,"href":"https:\/\/zalesikom.zdiar.eu\/en\/wp-json\/wp\/v2\/users\/1"}],"replies":[{"embeddable":true,"href":"https:\/\/zalesikom.zdiar.eu\/en\/wp-json\/wp\/v2\/comments?post=77"}],"version-history":[{"count":9,"href":"https:\/\/zalesikom.zdiar.eu\/en\/wp-json\/wp\/v2\/pages\/77\/revisions"}],"predecessor-version":[{"id":640,"href":"https:\/\/zalesikom.zdiar.eu\/en\/wp-json\/wp\/v2\/pages\/77\/revisions\/640"}],"wp:attachment":[{"href":"https:\/\/zalesikom.zdiar.eu\/en\/wp-json\/wp\/v2\/media?parent=77"}],"curies":[{"name":"wp","href":"https:\/\/api.w.org\/{rel}","templated":true}]}}

<p><iframe loading="lazy" src="https://mapsengine.google.com/map/embed?mid=zEydVWtGQnkg.kjDSoVQYKeOM" width="640" height="480"></iframe><br />
Veľký priestor, neďaleký lesík a potôčik, či priľahlé futbalové ihrisko  sú skvelým miestom pre šantenie Vašich <strong>detí</strong>.</p>
<p><strong>Športovcov</strong>  poteší blízky hrebeň  Magury  s bežkárskou, či cykloturistickou traťou a<strong> turisti</strong> si môžu vychutnávať výhľady a čarokrásnu prírodu Belianskych Tatier a Spišskej Magury už pár metrov za naším ubytovaním. Bicykle i lyže si máte možnosť zapožičať v blízkej požičovni.</p>
<p><strong>Ak si radi na dovolenke oddýchnete aj od varenia,</strong> máte možnosť zájsť na večeru do Penziónu Tatrakon v našom susedstve alebo využiť skvelú ponuku iných reštauračných zariadení v Ždiari.  Radi Vám samozrejme poradíme:).</p>
<p>&nbsp;</p>

<p>Veľký priestor, neďaleký lesík a potôčik, či priľahlé futbalové ihrisko  sú skvelým miestom pre šantenie Vašich detí. Športovcov  poteší blízky hrebeň  Magury  s bežkárskou, či cykloturistickou traťou a turisti si môžu vychutnávať výhľady a čarokrásnu prírodu Belianskych Tatier a Spišskej Magury už pár metrov za naším ubytovaním. Bicykle i lyže si máte možnosť zapožičať v blízkej požičovni. [&hellip;]</p>
